et v = -4 + 9. What is the tens digit of ((-24)/v)/((-2)/10)?
2
Suppose b - 165 = -0*b. What is the hundreds digit of b?
1
Let b = 7 - 2. Suppose b*p - 4 = p. What is the units digit of p?
1
Suppose -3*r = 5*f - 2*r - 516, -436 = -4*f + 5*r. What is the hundreds digit of f?
1
Suppose 4*t + 62 = 5*u, -2*u + 2*t + t = -22. What is the tens digit of u?
1
Let t(y) = 2*y - 9. Let s be t(6). Suppose -5*h - 32 = o, -s*o = 3*h - 0*o + 24. Let b = 23 + h. What is the units digit of b?
7
Let b(g) = 3*g - 5. What is the tens digit of b(7)?
1
Suppose 5*n = -4*y + 142, 3*y + 4*n = 8*n + 122. What is the units digit of y?
8
Suppose -69 + 4 = -5*p. Let y = p + -8. Suppose 3*g + 6 = -y*o + 11, 2*o - 3 = -g. What is the units digit of o?
4
Let l = 15 + -29. Let z = l + 10. Let f = z + 13. What is the units digit of f?
9
Suppose 3*k = -w - 107, -2*w - 82 = 2*k - 4*w. Let q = k - -54. What is the tens digit of q?
1
Let f(c) = 6*c - 6. Suppose -10 + 0 = -5*n. What is the units digit of f(n)?
6
Suppose 2*n + 0*x = -x + 23, -5*x + 25 = 0. What is the units digit of n?
9
Suppose -3*z + q - 6*q = 12, 3*z - 18 = 5*q. What is the units digit of (-6)/2 - (-5 - z)?
3
What is the hundreds digit of 12/((63/(-120))/(-7))?
1
Let v = -46 + 167. What is the hundreds digit of v?
1
What is the hundreds digit of 3 + 6/9 + (-421)/(-3)?
1
Suppose -2*d = -5*d. Let c = d - -8. What is the units digit of c?
8
Let t(h) = 7 + 4*h - h**3 + 2*h - h - 7*h**2. What is the units digit of t(-8)?
1
Suppose 2*q + 604 = 2*i, 2*i - q = -6*q + 569. What is the units digit of i?
7
Suppose -4*b + 18 = -2*r, b - 6 = -5*r + 4. Suppose -b*j - 5 = -0*j. What is the units digit of j/(-4) + 15/4?
4
Suppose -8 = -3*o + 4, 3*f - 5*o + 5 = 0. Suppose 0 = v - 1 - f. Let s = v + 6. What is the tens digit of s?
1
Let q(z) be the second derivative of z**5/20 - z**4/3 + 2*z**2 + 2*z. What is the units digit of q(4)?
4
Let p(k) be the first derivative of 7*k**3 - k**2 + k - 2. Let i be p(1). Suppose -i = -2*m - 3*m. What is the units digit of m?
4
Suppose l + 3 = 2*l. Suppose -27 = -5*j - 4*c + 64, -12 = -l*c. What is the tens digit of j?
1
Let g(o) = -7*o - 5. What is the tens digit of g(-3)?
1
Suppose -2*z + 7*z = 10. Let h(c) = c**3 - 4*c**2 - z - c**2 + 9. What is the units digit of h(5)?
7
Let x(z) = z**3 + 6*z**2 + z + 6. Let p be x(-7). Let l be p/15*6/(-4). Let i(b) = -b**2 + 6*b. What is the units digit of i(l)?
5
Let i(o) = o**2 + 4*o + 4. Let r be 18/(-5) + 6/(-15). What is the units digit of i(r)?
4
Let c(n) be the first derivative of n**4/4 + 2*n**3 - 7*n**2/2 + 4*n - 8. What is the tens digit of c(-6)?
4
Let u = -54 + 92. What is the units digit of u?
8
Let s be ((-32)/(-6))/((-8)/(-24)). Let c = s - 10. Suppose 0 = 3*o - l - 26, -3*o - c*l = -2*l - 31. What is the units digit of o?
9
Let m(o) = o**2 - 1. Let y be m(1). Suppose 3*f - 21 = -3*n, y*f + 2*f = 5*n. What is the units digit of n?
2
Suppose 176 = 5*f + 46. What is the tens digit of f?
2
Let y = 25 - -3. What is the units digit of (2/4)/(1/y)?
4
Suppose 0 = 5*w - 11 - 9. Let h be w/6 - 24/9. What is the units digit of 1/((0 + h)/(-14))?
7
Suppose 14 = 4*y + 3*k, -2*y + 23 = 3*y + k. What is the units digit of y?
5
Suppose 0 = -3*i - 6. Let d(m) = -6*m - 4. What is the units digit of d(i)?
8
Suppose -j - 3 + 31 = 5*z, z = j + 2. Suppose 0 = 5*u - 5*b + 30, -2*b = 2*u + 2 - 6. Let c = j - u. What is the units digit of c?
5
Let y = -14 + 15. Suppose -16 = 3*s - y, -5*h + s + 40 = 0. What is the units digit of h?
7
Suppose 0 = 7*s - 2*s - 105. Suppose -b - s = 2*b. Let q = b - -10. What is the units digit of q?
3
Let g(h) = -h**3 + 5*h**2 + 6*h + 4. Let l be g(6). Suppose 0 = -c - l*d - 26, -6*c - 5 = -c - 5*d. Let w(q) = -q - 5. What is the units digit of w(c)?
1
What is the units digit of 2 - 0 - (3 + 1 + -14)?
2
Suppose 4*i - 2*i - 28 = 0. What is the units digit of i?
4
Suppose 3*g + b = 60 + 237, 2*g - b - 198 = 0. What is the tens digit of g?
9
Let v be (-1107)/(-45) + 4/10. Let a be 2/8 + (-19)/(-4). What is the units digit of 2/a - (-215)/v?
9
What is the tens digit of 15/(1 - 0)*6?
9
Let t(j) = j**3 - 4*j**2 + 3*j - 3. Let b be t(5). Suppose -2*l - 4*p - b = -7*l, -l + 7 = -p. What is the units digit of l?
9
Suppose -5*n + 9*n = -4, 5*d + n = 49. What is the units digit of (-54)/(-10) + d/(-25)?
5
Let z be -9 + 0 - (-9 + 7). Let r = z - -11. What is the units digit of r?
4
Let c = -20 + 66. What is the tens digit of c?
4
Let q = -74 - -167. What is the units digit of q?
3
Suppose d - 3*d - 5*s = -9, -3*d = 3*s - 9. Suppose -6*w + d*w + 4 = 0. What is the units digit of w?
1
Let o = -31 + 63. Let y = o - -9. What is the units digit of y?
1
Suppose -2*t + u = 2*u - 3, -3*t + 3*u = -9. Suppose -5*b = 2*x - 82, -5*b + 3*b + t*x + 44 = 0. What is the units digit of b?
8
Let o be (2/(-6))/(10/(-90)). Suppose -o*a - 3*t = -60, 2*a - 4*t - 40 = -2*a. What is the units digit of a?
5
Let w(h) = 6*h**2 - 1. Let u(s) = -7*s**2 + 2. Let g(z) = 2*u(z) + 3*w(z). Let k be g(-2). Let r = k - 8. What is the units digit of r?
9
Let c = -589 + 890. What is the tens digit of c?
0
Let f(t) = 3*t**2 + 2*t + 4. What is the units digit of f(5)?
9
Let p(o) = -2*o - 7. Let g(j) = 6*j + 22. Let r(n) = 2*g(n) + 7*p(n). Let h = 4 + -10. What is the units digit of r(h)?
7
Let m(s) be the second derivative of 2*s**5/5 - s**3/3 + s**2/2 + s. Let u be m(1). Let b = 11 - u. What is the units digit of b?
4
Let m(k) = k + 6. Suppose 5*n + 3 = -17. Let h be m(n). Suppose -h*z = 4*a - 5*a + 5, -4*a + 26 = -5*z. What is the units digit of a?
9
What is the units digit of (-212)/(-12) - (-2)/6?
8
Let i = -52 + 97. What is the tens digit of i?
4
Suppose -8*w - 4240 = -18*w. What is the units digit of w?
4
What is the units digit of -3 + (1 - (-2)/2) + 59?
8
Let s(z) = 0*z + 2*z**2 + 3*z - 2*z. Let v be 4 + (-19)/5 + 32/(-10). What is the tens digit of s(v)?
1
Let v(r) = -2*r - 2. Let p(y) = -y - 3. Let j be 34/8 + (-1)/4. Let z(t) = j*v(t) - 3*p(t). What is the units digit of z(-1)?
6
What is the tens digit of (-8)/(-6)*(-105)/(-14)?
1
Let k be -1 + 0 + (11 - 4). Suppose -3 = 3*a - k. What is the units digit of a?
1
Let p(x) = 14*x**2 + 12*x + 21. Let s(w) = 5*w**2 + 4*w + 7. Let j(d) = 6*p(d) - 17*s(d). Let t be j(5). What is the units digit of t + 6 + (-4 - -4)?
8
Suppose -s = 3*s - 152. What is the tens digit of s?
3
Suppose -5*g = 3*r + 249 + 39, 0 = g - 2*r + 68. Let j be g/(-8)*(-4)/(-5). Suppose -3*y - 14 = -j*y + h, -5*h = -2*y + 5. What is the units digit of y?
5
Let a be (-1)/((-24)/(-9) - 3). What is the units digit of 2/a - (-2)/6?
1
Suppose -17 - 39 = -f. Suppose -2 = -2*j - f. What is the units digit of (-47)/(-9) - (-6)/j?
5
Suppose -4*k + 10 = 5*y - 26, 4*k = -y + 20. Let b(l) = 6*l - 14*l + l**3 + 11*l - 6*l**2 + y. What is the units digit of b(6)?
2
Let p = 568 + -374. What is the hundreds digit of p?
1
Suppose -4*x + 1 = -7. Suppose -x*k + 20 = -4*o, 4*k - 24 = k + 4*o. What is the units digit of k?
4
Suppose 3*p - 62 = 73. What is the units digit of p?
5
Suppose -5*r = -r - 160. What is the tens digit of r?
4
Let p(w) = -w**3 - 6*w**2 - 2*w - 7. Let m(f) = -f**3 + 3*f**2 + f - 3. Let l be m(3). Suppose -2 = i - 4*c - l, 4*c = -i - 10. What is the units digit of p(i)?
5
Let n(g) = 3*g - 2. Let v be n(2). Suppose 40 = v*l - 0*l. What is the tens digit of l?
1
Let f = 55 - -82. What is the hundreds digit of f?
1
Suppose -g + 13 = -31. Suppose 0*h = 4*d + h - 88, -2*d - h = -g. What is the units digit of d?
2
What is the hundreds digit of -89*-3*8/12?
1
What is the tens digit of 0 + 3/(-3) - -29?
2
Suppose 12 = -3*j - 6. Let l = 9 + j. What is the tens digit of l - (1 + -20 + 3)?
1
Let b = -4 + 8. Suppose -4*s = 2*y + 20 - 118, -y + 95 = b*s. What is the units digit of s?
3
Suppose -2*w = -1 - 93. What is the tens digit of w?
4
Let o(g) = 49*g**2 - g. Let q be o(1). Let y = q + -31. Let d = 0 + y. What is the tens digit of d?
1
Let o = -1 + 1. Suppose -2*m = -o*m - 22. What is the tens digit of m?
1
Suppose 3*f = -8*j + 11*j - 63, -4*j = 2*f - 78. What is the units digit of j?
0
Let s = -26 - -11. What is the units digit of 2/(-5) + (-726)/s?
8
Let k be (-6)/(5/((-20)/(-6))). What is the units digit of (k/3)/(1/(-6))?
8
Let o(q) = -q + 1. Let a(u) = 92*u - 1